s the hundred millions digit of 568919248?
5
What is the hundreds digit of 263000344?
3
What is the ten millions digit of 1130419661?
3
What is the tens digit of 68690090?
9
What is the tens digit of 227522943?
4
What is the units digit of 160371567?
7
What is the hundred millions digit of 490373918?
4
What is the units digit of 582020598?
8
What is the millions digit of 990509572?
0
What is the tens digit of 78435699?
9
What is the hundreds digit of 34085182?
1
What is the tens digit of 3781917551?
5
What is the thousands digit of 164047369?
7
What is the tens digit of 4499102570?
7
What is the thousands digit of 5017788898?
8
What is the ten millions digit of 30364538?
3
What is the ten millions digit of 67565372?
6
What is the units digit of 304304853?
3
What is the tens digit of 764294957?
5
What is the hundred thousands digit of 747528385?
5
What is the hundred thousands digit of 107430556?
4
What is the millions digit of 21259204?
1
What is the thousands digit of 197573351?
3
What is the units digit of 75163480?
0
What is the billions digit of 1135372077?
1
What is the hundred thousands digit of 6795488?
7
What is the tens digit of 51674714?
1
What is the tens digit of 408037917?
1
What is the thousands digit of 1439194172?
4
What is the ten thousands digit of 53065127?
6
What is the millions digit of 206767527?
6
What is the units digit of 2644289547?
7
What is the tens digit of 409359359?
5
What is the thousands digit of 9732760?
2
What is the ten thousands digit of 231752248?
5
What is the hundreds digit of 10226551?
5
What is the units digit of 3810373735?
5
What is the units digit of 183772537?
7
What is the units digit of 415196585?
5
What is the ten thousands digit of 1837766868?
6
What is the thousands digit of 1802737181?
7
What is the hundred thousands digit of 11773388?
7
What is the tens digit of 1576907774?
7
What is the units digit of 162370878?
8
What is the ten thousands digit of 717670652?
7
What is the tens digit of 90218519?
1
What is the units digit of 98546145?
5
What is the hundred thousands digit of 19064120?
0
What is the hundreds digit of 1689587297?
2
What is the ten thousands digit of 87613772?
1
What is the thousands digit of 12386174?
6
What is the ten millions digit of 401336096?
0
What is the hundreds digit of 157237112?
1
What is the tens digit of 434274524?
2
What is the hundred thousands digit of 648491906?
4
What is the thousands digit of 1099862007?
2
What is the thousands digit of 3211463593?
3
What is the hundred thousands digit of 4784618001?
6
What is the thousands digit of 175719201?
9
What is the hundred thousands digit of 5305195102?
1
What is the ten millions digit of 3423681112?
2
What is the hundreds digit of 59975730?
7
What is the millions digit of 206437645?
6
What is the ten thousands digit of 68642385?
4
What is the ten millions digit of 1259657912?
5
What is the ten millions digit of 1478450614?
7
What is the ten millions digit of 1292532750?
9
What is the ten millions digit of 46933465?
4
What is the millions digit of 75150954?
5
What is the tens digit of 642071852?
5
What is the ten thousands digit of 2895596426?
9
What is the units digit of 1466437163?
3
What is the hundred millions digit of 1059238968?
0
What is the tens digit of 2831182995?
9
What is the hundreds digit of 164733546?
5
What is the units digit of 5919585514?
4
What is the millions digit of 157139991?
7
What is the tens digit of 2215866805?
0
What is the hundred thousands digit of 465539721?
5
What is the ten thousands digit of 3923319?
2
What is the ten millions digit of 80783878?
8
What is the hundred millions digit of 3032031137?
0
What is the hundred millions digit of 298558447?
2
What is the tens digit of 13454867?
6
What is the hundreds digit of 123090973?
9
What is the ten millions digit of 3583367421?
8
What is the hundred millions digit of 404382821?
4
What is the thousands digit of 53220081?
0
What is the hundreds digit of 12214013?
0
What is the ten thousands digit of 482381793?
8
What is the tens digit of 1925306?
0
What is the hundreds digit of 48789151?
1
What is the ten millions digit of 53365075?
5
What is the tens digit of 165197295?
9
What is the millions digit of 64578518?
4
What is the ten thousands digit of 3182355?
8
What is the tens digit of 2049920883?
8
What is the hundred thousands digit of 55561949?
5
What is the tens digit of 1390692642?
4
What is the tens digit of 21517398?
9
What is the hundred thousands digit of 128509017?
5
What is the millions digit of 314694797?
4
What is the thousands digit of 861831862?
1
What is the millions digit of 5386567582?
6
What is the hundreds digit of 60151860?
8
What is the hundreds digit of 357816806?
8
What is the hundred thousands digit of 180796688?
7
What is the ten thousands digit of 121876813?
7
What is the hundred thousands digit of 65651869?
6
What is the millions digit of 479446984?
9
What is the thousands digit of 67732107?
2
What is the ten thousands digit of 488237435?
3
What is the millions digit of 135077919?
5
What is the hundreds digit of 2235985989?
9
What is the thousands digit of 34049643?
9
What is the thousands digit of 28097063?
7
What is the thousands digit of 1125509550?
9
What is the units digit of 54172795?
5
What is the hundreds digit of 207960657?
6
What is the tens digit of 16081176?
7
What is the millions digit of 475877037?
5
What is the hundred millions digit of 239157354?
2
What is the units digit of 3709441?
1
What is the hundred thousands digit of 697697910?
6
What is the tens digit of 46290444?
4
What is the units digit of 63472668?
8
What is the hundred thousands digit of 215765101?
7
What is the millions digit of 1088511139?
8
What is the hundred thousands digit of 89980830?
9
What is the tens digit of 858888481?
8
What is the ten millions digit of 14527062?
1
What is the hundred thousands digit of 11909316?
9
What is the ten millions digit of 3929516065?
2
What is the hundred millions digit of 2885572152?
8
What is the ten thousands digit of 34048213?
4
What is the units digit of 1242609121?
1
What is the ten thousands digit of 2812440341?
4
What is the billions digit of 1843292775?
1
What is the hundred thousands digit of 6992749403?
7
What is the ten millions digit of 54734328?
5
What is the tens digit of 299570718?
1
What is the millions digit of 2005381813?
5
What is the hundred millions digit of 102967501?
1
What is the hundred millions digit of 285714740?
2
What is the tens digit of 175559024?
2
What is the hundred thousands digit of 424390276?
3
What is the hundred thousands digit of 237391936?
3
What is the millions digit of 3568084?
3
What is the hundreds digit of 1939325658?
6
What is the tens digit of 694661164?
6
What is the hundred millions digit of 5192216426?
1
What is the hundreds digit of 291679?
6
What is the hundred thousands digit of 4439392195?
3
What is the thousands digit of 1866994992?
4
What is the tens digit of 498991987?
8
What is the ten thousands digit of 129581604?
8
What is the ten thousands digit of 98369161?
6
What is the thousands digit of 668820682?
0
What is the ten millions digit of 14220891?
1
What is the hundred millions digit of 3940339056?
9
What is the hundred millions digit of 5001836902?
0
What is the units digit of 377629352?
2
What is the ten millions digit of 62862843?
6
What is the ten millions digit of 434163673?
3
What is the tens digit of 82926544?
4
What is the ten thousands digit of 83819283?
1
What is the hundred thousands digit of 311473338?
4
What is the tens digit of 225610811?
1
What is the ten millions digit of 114857683?
1
What is the hundreds digit of 34231197?
1
What is the hundreds digit of 235069084?
0
What is the ten millions digit of 51863239?
5
What is the ten millions digit of 819242118?
1
What is the hundreds digit of 3987384255?
2
What is the units digit of 977984587?
7
What is the ten millions digit of 221674637?
2
What is the millions digit of 3686599?
3
What is the ten thousands digit of 18225579?
2
What is the tens digit of 20964921?
2
What is the tens digit of 54462488?
8
What is the hundreds digit of 41807229?
2
What is the hundreds digit of 3619097812?
8
What is the hundreds digit of 1793496257?
2
What is the thousands digit of 7474849